hat is 6 (base 13) in base 2?
110
Convert -4 (base 15) to base 2.
-100
What is -3 (base 13) in base 5?
-3
What is 2 (base 16) in base 15?
2
-202 (base 3) to base 7
-26
3 (base 7) to base 4
3
Convert -110001 (base 2) to base 12.
-41
-3 (base 16) to base 9
-3
Convert 3 (base 12) to base 10.
3
Convert 32 (base 6) to base 14.
16
Convert -13 (base 8) to base 11.
-10
What is 156 (base 12) in base 3?
21210
Convert 110011 (base 2) to base 11.
47
-116 (base 13) to base 11
-161
What is 1 (base 14) in base 8?
1
What is 6a (base 12) in base 6?
214
Convert -1111 (base 2) to base 11.
-14
Convert 0 (base 3) to base 12.
0
What is 55 (base 7) in base 3?
1111
44 (base 10) to base 4
230
What is -4 (base 8) in base 9?
-4
6 (base 7) to base 11
6
-1202 (base 3) to base 14
-35
Convert 0 (base 4) to base 12.
0
Convert -1 (base 16) to base 10.
-1
5 (base 15) to base 5
10
What is 244 (base 6) in base 12?
84
What is 111 (base 3) in base 14?
d
-24 (base 7) to base 11
-17
Convert 1000 (base 4) to base 15.
44
Convert -85 (base 9) to base 10.
-77
3 (base 6) to base 13
3
-26 (base 7) to base 9
-22
-55 (base 8) to base 12
-39
-21 (base 12) to base 8
-31
What is 100 (base 3) in base 13?
9
0 (base 5) to base 14
0
Convert 0 (base 11) to base 15.
0
What is a (base 14) in base 11?
a
What is 5 (base 16) in base 9?
5
Convert -133 (base 7) to base 2.
-1001001
What is -1 (base 6) in base 11?
-1
-511 (base 6) to base 11
-160
What is 2 (base 8) in base 14?
2
-2 (base 4) to base 14
-2
5 (base 7) to base 4
11
133 (base 10) to base 15
8d
What is -36 (base 10) in base 7?
-51
-425 (base 7) to base 6
-555
Convert -101222 (base 3) to base 16.
-128
What is 10010 (base 2) in base 10?
18
8 (base 15) to base 6
12
Convert -6 (base 14) to base 6.
-10
-47 (base 12) to base 2
-110111
What is -2 (base 10) in base 8?
-2
Convert -10210 (base 3) to base 10.
-102
Convert 0 (base 3) to base 4.
0
82 (base 11) to base 13
6c
Convert 2 (base 8) to base 15.
2
What is -2 (base 6) in base 2?
-10
What is 62 (base 16) in base 7?
200
What is 68 (base 13) in base 5?
321
-10000 (base 3) to base 10
-81
Convert -1 (base 14) to base 12.
-1
What is 14 (base 5) in base 10?
9
Convert -44 (base 15) to base 12.
-54
Convert -11111 (base 2) to base 7.
-43
Convert 224 (base 7) to base 12.
98
-35 (base 9) to base 11
-2a
8 (base 12) to base 4
20
What is -14 (base 10) in base 7?
-20
Convert 74 (base 8) to base 14.
44
What is -5 (base 11) in base 16?
-5
What is -10202 (base 3) in base 7?
-203
What is -3 (base 11) in base 2?
-11
Convert -110 (base 3) to base 6.
-20
23 (base 13) to base 10
29
30 (base 4) to base 3
110
13 (base 9) to base 16
c
Convert -221 (base 3) to base 8.
-31
Convert -4 (base 5) to base 7.
-4
What is 320 (base 7) in base 16?
a1
Convert 51 (base 12) to base 4.
331
What is 1 (base 6) in base 8?
1
Convert 1 (base 13) to base 8.
1
What is 1a2 (base 11) in base 12?
175
What is 0 (base 6) in base 14?
0
10 (base 2) to base 5
2
Convert 5 (base 6) to base 2.
101
What is -79 (base 11) in base 7?
-152
Convert -7 (base 11) to base 4.
-13
0 (base 7) to base 12
0
22 (base 6) to base 7
20
Convert 27a (base 11) to base 12.
235
Convert -100111 (base 2) to base 8.
-47
0 (base 6) to base 9
0
Convert 11 (base 2) to base 8.
3
What is -21 (base 8) in base 5?
-32
38 (base 15) to base 16
35
What is -73 (base 9) in base 12?
-56
-8 (base 11) to base 7
-11
What is -10 (base 6) in base 7?
-6
1122 (base 3) to base 14
32
What is 76 (base 13) in base 3?
10121
27 (base 12) to base 4
133
2 (base 10) to base 7
2
153 (base 10) to base 9
180
What is -2 (base 4) in base 10?
-2
-3 (base 6) to base 2
-11
What is 10 (base 4) in base 13?
4
6 (base 13) to base 10
6
What is 0 (base 7) in base 4?
0
Convert 10 (base 4) to base 5.
4
What is -141 (base 5) in base 12?
-3a
Convert 12 (base 12) to base 9.
15
Convert 51 (base 10) to base 3.
1220
What is -111 (base 7) in base 4?
-321
What is 10 (base 2) in base 9?
2
What is 1 (base 3) in base 2?
1
1 (base 7) to base 11
1
What is 330 (base 8) in base 13?
138
What is 279 (base 10) in base 12?
1b3
Convert 21 (base 3) to base 14.
7
What is -46 (base 7) in base 6?
-54
2 (base 10) to base 16
2
101 (base 3) to base 15
a
Convert 32 (base 7) to base 9.
25
-5 (base 8) to base 15
-5
What is -124 (base 7) in base 5?
-232
Convert 66 (base 16) to base 4.
1212
-8 (base 11) to base 16
-8
What is 44 (base 7) in base 15?
22
-1033 (base 4) to base 5
-304
Convert 15 (base 10) to base 15.
10
9 (base 14) to base 13
9
What is 54 (base 10) in base 16?
36
-7 (base 10) to base 2
-111
What is -10 (base 5) in base 14?
-5
What is -245 (base 8) in base 16?
-a5
Convert 18 (base 16) to base 15.
19
What is 202 (base 6) in base 15?
4e
Convert -57 (base 16) to base 7.
-153
Convert 32 (base 7) to base 14.
19
What is 251 (base 8) in base 7?
331
Convert -102 (base 9) to base 5.
-313
What is -c (base 13) in base 16?
-c
-3 (base 8) to base 10
-3
Convert -45 (base 15) to base 12.
-55
23 (base 4) to base 14
b
10010101 (base 2) to base 9
175
What is -333 (base 6) in base 13?
-9c
What is -9 (base 16) in base 7?
-12
What is -103 (base 14) in base 3?
-21101
Convert -424 (base 6) to base 14.
-b6
6 (base 15) to base 8
6
What is 1000111 (base 2) in base 10?
71
What is 3 (base 5) in base 9?
3
5 (base 10) to base 6
5
2 (base 14) to base 7
2
Convert 121 (base 3) to base 2.
10000
36 (base 13) to base 16
2d
What is 10 (base 5) in base 3?
12
What is 361 (base 7) in base 10?
190
What is 1 (base 8) in base 5?
1
Convert 1 (base 10) to base 5.
1
Convert 65 (base 12) to base 8.
115
Convert 10100 (base 2) to base 16.
14
What is 35 (base 12) in base 5?
131
What is 4 (base 6) in base 15?
4
What is 10 (base 4) in base 9?
4
Convert 91 (base 14) to base 10.
127
What is -29 (base 13) in base 16?
-23
What is -12 (base 9) in base 16?
-b
What is -31 (base 14) in base 15?
-2d
-31 (base 11) to base 7
-46
What is 2 (base 16) in base 15?
2
-11 (base 2) to base 15
-3
Convert 2 (base 7) to base 4.
2
What is 0 (base 11) in base 9?
0
Convert -5 (base 16) to base 13.
-5
Convert 3312 (base 4) to base 13.
15c
-10 (base 11) to base 6
-15
-11101100 (base 2) to base 13
-152
What is 3 (base 13) in base 12?
3
What is -9 (base 12) in base 13?
-9
What is -112202 (base 3) in base 13?
-248
What is 1000000 (base 2) in base 3?
2101
What is -1 (base 6) in base 15?
-1
What is -78 (base 14) in base 12?
-8a
-30 (base 4) to base 14
-c
Convert -1 (base 13) to base 5.
-1
What is -111 (base 3) in base 2?
-1101
Convert -55 (base 6) to base 4.
-203
-29 (base 11) to base 8
-37
What is 61 (base 16) in base 13?
76
What is -4 (base 16) in base 6?
-4
What is -134 (base 12) in base 3?
-20211
Convert 3 (base 13) to base 4.
3
-a (base 12) to base 10
-10
-10 (base 3) to base 13
-3
Convert -9e (base 15) to base 8.
-225
What is -2 (base 9) in base 15?
-2
Convert 0 (base 6) to base 10.
0
-64 (base 7) to base 2
-101110
Convert 2 (base 3) to base 6.
2
1 (base 8) to base 6
1
What is -304 (base 6) in base 8?
-160
5 (base 13) to base 14
5
-10 (base 9) to base 6
-13
-10 (base 2) to base 16
-2
What is -4 (base 13) in base 16?
-4
Convert 30 (base 7) to base 15.
16
Convert 2 (base 15) to base 16.
2
Convert -44 (base 9) to base 15.
-2a
What is 14 (base 11) in base 6?
23
14 (base 15) to base 5
34
What is -14 (base 10) in base 12?
-12
What is 0 (base 13) in base 11?
0
What is 230 (base 4) in base 6?
112
What is 1b (base 12) in base 2?
10111
6 (base 14) to base 5
11
What is -3 (base 11) in base 3?
-10
0 (base 9) to base 5
0
10 (base 16) to base 13
13
What is 3 (base 16) in base 3?
10
15 (base 9) to base 14
10
-3 (base 7) to base 11
-3
What is -1101011 (base 2) in base 3?
-10222
-3b (base 16) to base 7
-113
What is -110 (base 10) in base 3?
-11002
Convert 5 (base 14) to base 12.
5
Convert 0 (base 14) to base 2.
0
-50 (base 15) to base 16
-4b
-7 (base 16) to base 4
-13
What is -4 (base 15) in base 12?
-4
-a2 (base 13) to base 14
-96
-40 (base 6) to base 2
-11000
Convert 4 (base 8) to base 4.
10
What is 10 (base 3) in base 12?
3
What is 40 (base 5) in base 13?
17
What is 11 (base 14) in base 9?
16
-20 (base 5) to base 11
-a
What is 5 (base 15) in base 14?
5
What is 8c (base 13) in base 3?
11022
What is -1 (base 4) in base 12?
-1
1 (base 4) to base 6
1
Convert -1001 (base 2) to base 5.
-14
Convert 206 (base 12) to base 2.
100100110
1021 (ba